{"id":2010,"date":"2023-07-01T14:02:40","date_gmt":"2023-07-01T12:02:40","guid":{"rendered":"https:\/\/clavilla-illustration.com\/?page_id=2010"},"modified":"2023-07-07T18:24:12","modified_gmt":"2023-07-07T16:24:12","slug":"mentions-legales","status":"publish","type":"page","link":"https:\/\/clavilla-illustration.com\/index.php\/mentions-legales\/","title":{"rendered":"Mentions l\u00e9gales"},"content":{"rendered":"\t\t<div data-elementor-type=\"wp-page\" data-elementor-id=\"2010\" class=\"elementor elementor-2010\">\n\t\t\t\t\t\t\t\t\t<section class=\"elementor-section elementor-top-section elementor-element elementor-element-837d497 elementor-section-boxed elementor-section-height-default elementor-section-height-default exad-glass-effect-no exad-sticky-section-no\" data-id=\"837d497\" data-element_type=\"section\" data-settings=\"{&quot;background_background&quot;:&quot;classic&quot;}\">\n\t\t\t\t\t\t<div class=\"elementor-container elementor-column-gap-default\">\n\t\t\t\t\t<div class=\"elementor-column elementor-col-100 elementor-top-column elementor-element elementor-element-8426c14 exad-glass-effect-no exad-sticky-section-no\" data-id=\"8426c14\" data-element_type=\"column\">\n\t\t\t<div class=\"elementor-widget-wrap elementor-element-populated\">\n\t\t\t\t\t\t\t\t<div class=\"elementor-element elementor-element-faf849b exad-sticky-section-no exad-glass-effect-no elementor-widget elementor-widget-heading\" data-id=\"faf849b\" data-element_type=\"widget\" data-widget_type=\"heading.default\">\n\t\t\t\t<div class=\"elementor-widget-container\">\n\t\t\t<style>\/*! elementor - v3.14.0 - 26-06-2023 *\/\n.elementor-heading-title{padding:0;margin:0;line-height:1}.elementor-widget-heading .elementor-heading-title[class*=elementor-size-]>a{color:inherit;font-size:inherit;line-height:inherit}.elementor-widget-heading .elementor-heading-title.elementor-size-small{font-size:15px}.elementor-widget-heading .elementor-heading-title.elementor-size-medium{font-size:19px}.elementor-widget-heading .elementor-heading-title.elementor-size-large{font-size:29px}.elementor-widget-heading .elementor-heading-title.elementor-size-xl{font-size:39px}.elementor-widget-heading .elementor-heading-title.elementor-size-xxl{font-size:59px}<\/style><h2 class=\"elementor-heading-title elementor-size-default\">Mentions l\u00e9gales<\/h2>\t\t<\/div>\n\t\t\t\t<\/div>\n\t\t\t\t<div class=\"elementor-element elementor-element-43f5555 exad-sticky-section-no exad-glass-effect-no elementor-widget elementor-widget-text-editor\" data-id=\"43f5555\" data-element_type=\"widget\" data-widget_type=\"text-editor.default\">\n\t\t\t\t<div class=\"elementor-widget-container\">\n\t\t\t<style>\/*! elementor - v3.14.0 - 26-06-2023 *\/\n.elementor-widget-text-editor.elementor-drop-cap-view-stacked .elementor-drop-cap{background-color:#69727d;color:#fff}.elementor-widget-text-editor.elementor-drop-cap-view-framed .elementor-drop-cap{color:#69727d;border:3px solid;background-color:transparent}.elementor-widget-text-editor:not(.elementor-drop-cap-view-default) .elementor-drop-cap{margin-top:8px}.elementor-widget-text-editor:not(.elementor-drop-cap-view-default) .elementor-drop-cap-letter{width:1em;height:1em}.elementor-widget-text-editor .elementor-drop-cap{float:left;text-align:center;line-height:1;font-size:50px}.elementor-widget-text-editor .elementor-drop-cap-letter{display:inline-block}<\/style>\t\t\t\t<p align=\"center\">En vigueur au 01\/07\/2023<\/p><p>Conform\u00e9ment aux dispositions des Articles 6-III et 19 de la Loi n\u00b02004-575 du 21 juin 2004 pour la Confiance dans l\u2019\u00e9conomie num\u00e9rique, dite L.C.E.N., il est port\u00e9 \u00e0 la connaissance des utilisateurs et visiteurs, ci-apr\u00e8s l&#8221;&#8221;<b>Utilisateur<\/b>&#8220;, du site clavilla-illustration.com , ci-apr\u00e8s le &#8220;<b>Site<\/b>&#8220;, les pr\u00e9sentes mentions l\u00e9gales.<\/p><p>La connexion et la navigation sur le Site par l\u2019Utilisateur implique acceptation int\u00e9grale et sans r\u00e9serve des pr\u00e9sentes mentions l\u00e9gales.<\/p><p>Ces derni\u00e8res sont accessibles sur le Site \u00e0 la rubrique \u00ab <b>Mentions l\u00e9gales<\/b> \u00bb.<\/p><p>\u00a0<\/p>\t\t\t\t\t\t<\/div>\n\t\t\t\t<\/div>\n\t\t\t\t<div class=\"elementor-element elementor-element-3f3341c exad-sticky-section-no exad-glass-effect-no elementor-widget elementor-widget-heading\" data-id=\"3f3341c\" data-element_type=\"widget\" data-widget_type=\"heading.default\">\n\t\t\t\t<div class=\"elementor-widget-container\">\n\t\t\t<h2 class=\"elementor-heading-title elementor-size-default\">ARTICLE 1 - L'EDITEUR<\/h2>\t\t<\/div>\n\t\t\t\t<\/div>\n\t\t\t\t<div class=\"elementor-element elementor-element-098c064 exad-sticky-section-no exad-glass-effect-no elementor-widget elementor-widget-text-editor\" data-id=\"098c064\" data-element_type=\"widget\" data-widget_type=\"text-editor.default\">\n\t\t\t\t<div class=\"elementor-widget-container\">\n\t\t\t\t\t\t\t<p>L\u2019\u00e9dition et la direction de la publication du Site est assur\u00e9e par Elisa Poulain, domicili\u00e9e 6 rue du gros ch\u00eane, Rennes, 35700, dont le num\u00e9ro de t\u00e9l\u00e9phone est 0676446747, et l&#8217;adresse e-mail elisapoulain@orange.fr.<\/p><p>ci-apr\u00e8s l'&#8221;<b>Editeur<\/b>&#8220;.<\/p><p>\u00a0<\/p>\t\t\t\t\t\t<\/div>\n\t\t\t\t<\/div>\n\t\t\t\t<div class=\"elementor-element elementor-element-b660037 exad-sticky-section-no exad-glass-effect-no elementor-widget elementor-widget-heading\" data-id=\"b660037\" data-element_type=\"widget\" data-widget_type=\"heading.default\">\n\t\t\t\t<div class=\"elementor-widget-container\">\n\t\t\t<h2 class=\"elementor-heading-title elementor-size-default\">ARTICLE 2 - L'HEBERGEUR\n\n<\/h2>\t\t<\/div>\n\t\t\t\t<\/div>\n\t\t\t\t<div class=\"elementor-element elementor-element-09e3365 exad-sticky-section-no exad-glass-effect-no elementor-widget elementor-widget-text-editor\" data-id=\"09e3365\" data-element_type=\"widget\" data-widget_type=\"text-editor.default\">\n\t\t\t\t<div class=\"elementor-widget-container\">\n\t\t\t\t\t\t\t<p>L&#8217;h\u00e9bergeur du Site est la soci\u00e9t\u00e9 HOSTINGER, UAB, dont le si\u00e8ge social est situ\u00e9 au Rue Jonavos 60C, Kaunas 44192 Lituanie , av<b>ec le num\u00e9ro de t\u00e9l\u00e9phone : <\/b><b>+<\/b><b>37064503378<\/b><\/p><p>\u00a0<\/p>\t\t\t\t\t\t<\/div>\n\t\t\t\t<\/div>\n\t\t\t\t<div class=\"elementor-element elementor-element-878323d exad-sticky-section-no exad-glass-effect-no elementor-widget elementor-widget-heading\" data-id=\"878323d\" data-element_type=\"widget\" data-widget_type=\"heading.default\">\n\t\t\t\t<div class=\"elementor-widget-container\">\n\t\t\t<h2 class=\"elementor-heading-title elementor-size-default\">ARTICLE 3 - ACCES AU SITE\n\n\n\n<\/h2>\t\t<\/div>\n\t\t\t\t<\/div>\n\t\t\t\t<div class=\"elementor-element elementor-element-83777c2 exad-sticky-section-no exad-glass-effect-no elementor-widget elementor-widget-text-editor\" data-id=\"83777c2\" data-element_type=\"widget\" data-widget_type=\"text-editor.default\">\n\t\t\t\t<div class=\"elementor-widget-container\">\n\t\t\t\t\t\t\t<p>Le Site est accessible en tout endroit, 7j\/7, 24h\/24 sauf cas de force majeure, interruption programm\u00e9e ou non et pouvant d\u00e9coulant d\u2019une n\u00e9cessit\u00e9 de maintenance.<\/p><p>En cas de modification, interruption ou suspension du Site, l&#8217;Editeur ne saurait \u00eatre tenu responsable.<\/p><p>\u00a0<\/p>\t\t\t\t\t\t<\/div>\n\t\t\t\t<\/div>\n\t\t\t\t<div class=\"elementor-element elementor-element-71602fb exad-sticky-section-no exad-glass-effect-no elementor-widget elementor-widget-heading\" data-id=\"71602fb\" data-element_type=\"widget\" data-widget_type=\"heading.default\">\n\t\t\t\t<div class=\"elementor-widget-container\">\n\t\t\t<h2 class=\"elementor-heading-title elementor-size-default\">ARTICLE 4 - COLLECTE DES DONNEES\n\n\n\n<\/h2>\t\t<\/div>\n\t\t\t\t<\/div>\n\t\t\t\t<div class=\"elementor-element elementor-element-c3e1d36 exad-sticky-section-no exad-glass-effect-no elementor-widget elementor-widget-text-editor\" data-id=\"c3e1d36\" data-element_type=\"widget\" data-widget_type=\"text-editor.default\">\n\t\t\t\t<div class=\"elementor-widget-container\">\n\t\t\t\t\t\t\t<p>Le Site assure \u00e0 l&#8217;Utilisateur une collecte et un traitement d&#8217;informations personnelles dans le respect de la vie priv\u00e9e conform\u00e9ment \u00e0 la loi n\u00b078-17 du 6 janvier 1978 relative \u00e0 l&#8217;informatique, aux fichiers et aux libert\u00e9s.<\/p><p>En vertu de la loi Informatique et Libert\u00e9s, en date du 6 janvier 1978, l&#8217;Utilisateur dispose d&#8217;un droit d&#8217;acc\u00e8s, de rectification, de suppression et d&#8217;opposition de ses donn\u00e9es personnelles. L&#8217;Utilisateur exerce ce droit :<\/p><p>\u00b7 par mail \u00e0 l&#8217;adresse email elisapoulain@orange.fr<\/p><p>Toute utilisation, reproduction, diffusion, commercialisation, modification de toute ou partie du Site, sans autorisation de l\u2019Editeur est prohib\u00e9e et pourra entra\u00een\u00e9e des actions et poursuites judiciaires telles que notamment pr\u00e9vues par le Code de la propri\u00e9t\u00e9 intellectuelle et le Code civil.<\/p><p>Pour plus d\u2019informations, se reporter aux CGU du site clavilla-illustration.com accessible \u00e0 la rubrique &#8220;CGU&#8221;<\/p><p>Pour plus d&#8217;informations en mati\u00e8re de cookies, se reporter \u00e0 la Charte en mati\u00e8re de cookies du site clavilla-illustration.com accessible \u00e0 la rubrique &#8220;Cookies&#8221;<\/p><p>R\u00e9dig\u00e9 sur http:\/\/legalplace.fr<\/p>\t\t\t\t\t\t<\/div>\n\t\t\t\t<\/div>\n\t\t\t\t<div class=\"elementor-element elementor-element-14f7692 elementor-widget-mobile__width-initial elementor-fixed elementor-hidden-widescreen elementor-hidden-desktop elementor-widget-tablet__width-initial exad-sticky-section-no exad-glass-effect-no elementor-widget elementor-widget-exad-modal-popup\" data-id=\"14f7692\" data-element_type=\"widget\" data-settings=\"{&quot;_position&quot;:&quot;fixed&quot;}\" data-widget_type=\"exad-modal-popup.default\">\n\t\t\t\t<div class=\"elementor-widget-container\">\n\t\t\t\t\t\n\t\t<div class=\"exad-modal\">\n\t\t\t<div class=\"exad-modal-wrapper\">\n\n\t\t\t\t<div class=\"exad-modal-button exad-modal-btn-fixed-width-no\">\n\t\t\t\t\t<a href=\"#\" class=\"exad-modal-image-action image-modal\" data-exad-modal=\"#exad-modal-14f7692\" data-exad-overlay=\"yes\" >\n\t\t\t\t\t\t<span class=\"exad-modal-action-icon-left\">\n\t\t\t\t\t\t\t<i aria-hidden=\"true\" class=\"fas fa-bars\"><\/i>\t\t\t\t\t\t<\/span>\n\t\t\t\t\t<\/a>\n\t\t\t\t<\/div>\n\t\t\n\t\t\t\t<div id=\"exad-modal-14f7692\" class=\"exad-modal-item modal-vimeo top-to-middle shortcode exad-content-overflow-x-yes exad-content-overflow-y-yes\" >\n\t\t\t\t\t<div class=\"exad-modal-content\">\n\t\t\t\t\t\t<div class=\"exad-modal-element \">\n\t\t\t\t\t\t\t\t\t<div data-elementor-type=\"wp-post\" data-elementor-id=\"2614\" class=\"elementor elementor-2614\">\n\t\t\t\t\t\t\t\t\t<section class=\"elementor-section elementor-top-section elementor-element elementor-element-d7c1b70 elementor-section-boxed elementor-section-height-default elementor-section-height-default exad-glass-effect-no exad-sticky-section-no\" data-id=\"d7c1b70\" data-element_type=\"section\">\n\t\t\t\t\t\t<div class=\"elementor-container elementor-column-gap-default\">\n\t\t\t\t\t<div class=\"elementor-column elementor-col-100 elementor-top-column elementor-element elementor-element-70e031f exad-glass-effect-no exad-sticky-section-no\" data-id=\"70e031f\" data-element_type=\"column\">\n\t\t\t<div class=\"elementor-widget-wrap elementor-element-populated\">\n\t\t\t\t\t\t\t\t<section class=\"elementor-section elementor-inner-section elementor-element elementor-element-b241695 elementor-section-boxed elementor-section-height-default elementor-section-height-default exad-glass-effect-no exad-sticky-section-no\" data-id=\"b241695\" data-element_type=\"section\">\n\t\t\t\t\t\t<div class=\"elementor-container elementor-column-gap-default\">\n\t\t\t\t\t<div class=\"elementor-column elementor-col-100 elementor-inner-column elementor-element elementor-element-cb1b622 exad-glass-effect-no exad-sticky-section-no\" data-id=\"cb1b622\" data-element_type=\"column\">\n\t\t\t<div class=\"elementor-widget-wrap elementor-element-populated\">\n\t\t\t\t\t\t\t\t<div class=\"elementor-element elementor-element-a85fac2 exad-sticky-section-no exad-glass-effect-no elementor-widget elementor-widget-image\" data-id=\"a85fac2\" data-element_type=\"widget\" data-widget_type=\"image.default\">\n\t\t\t\t<div class=\"elementor-widget-container\">\n\t\t\t<style>\/*! elementor - v3.14.0 - 26-06-2023 *\/\n.elementor-widget-image{text-align:center}.elementor-widget-image a{display:inline-block}.elementor-widget-image a img[src$=\".svg\"]{width:48px}.elementor-widget-image img{vertical-align:middle;display:inline-block}<\/style>\t\t\t\t\t\t\t\t\t\t\t\t\t<a href=\"https:\/\/clavilla-illustration.com\/\">\n\t\t\t\t\t\t\t<img decoding=\"async\" width=\"369\" height=\"150\" src=\"https:\/\/clavilla-illustration.com\/wp-content\/uploads\/2023\/07\/Barre-de-menu-tel-ac.png\" class=\"elementor-animation-rotate attachment-large size-large wp-image-2445\" alt=\"\" loading=\"lazy\" srcset=\"https:\/\/clavilla-illustration.com\/wp-content\/uploads\/2023\/07\/Barre-de-menu-tel-ac.png 369w, https:\/\/clavilla-illustration.com\/wp-content\/uploads\/2023\/07\/Barre-de-menu-tel-ac-300x122.png 300w\" sizes=\"(max-width: 369px) 100vw, 369px\" \/>\t\t\t\t\t\t\t\t<\/a>\n\t\t\t\t\t\t\t\t\t\t\t\t\t\t\t<\/div>\n\t\t\t\t<\/div>\n\t\t\t\t<div class=\"elementor-element elementor-element-cf3cc9a exad-sticky-section-no exad-glass-effect-no elementor-widget elementor-widget-image\" data-id=\"cf3cc9a\" data-element_type=\"widget\" data-widget_type=\"image.default\">\n\t\t\t\t<div class=\"elementor-widget-container\">\n\t\t\t\t\t\t\t\t\t\t\t\t\t\t\t\t<a href=\"https:\/\/clavilla-illustration.com\/index.php\/elementor-2507\/\">\n\t\t\t\t\t\t\t<img decoding=\"async\" width=\"376\" height=\"150\" src=\"https:\/\/clavilla-illustration.com\/wp-content\/uploads\/2023\/07\/Barre-de-menu-tel-mbd.png\" class=\"elementor-animation-rotate attachment-large size-large wp-image-2446\" alt=\"\" loading=\"lazy\" srcset=\"https:\/\/clavilla-illustration.com\/wp-content\/uploads\/2023\/07\/Barre-de-menu-tel-mbd.png 376w, https:\/\/clavilla-illustration.com\/wp-content\/uploads\/2023\/07\/Barre-de-menu-tel-mbd-300x120.png 300w\" sizes=\"(max-width: 376px) 100vw, 376px\" \/>\t\t\t\t\t\t\t\t<\/a>\n\t\t\t\t\t\t\t\t\t\t\t\t\t\t\t<\/div>\n\t\t\t\t<\/div>\n\t\t\t\t<div class=\"elementor-element elementor-element-5199e89 exad-sticky-section-no exad-glass-effect-no elementor-widget elementor-widget-image\" data-id=\"5199e89\" data-element_type=\"widget\" data-widget_type=\"image.default\">\n\t\t\t\t<div class=\"elementor-widget-container\">\n\t\t\t\t\t\t\t\t\t\t\t\t\t\t\t\t<a href=\"https:\/\/clavilla-illustration.com\/index.php\/commissions-2\/\">\n\t\t\t\t\t\t\t<img decoding=\"async\" width=\"373\" height=\"150\" src=\"https:\/\/clavilla-illustration.com\/wp-content\/uploads\/2023\/07\/Barre-de-menu-tel-cm.png\" class=\"elementor-animation-rotate attachment-large size-large wp-image-2447\" alt=\"\" loading=\"lazy\" srcset=\"https:\/\/clavilla-illustration.com\/wp-content\/uploads\/2023\/07\/Barre-de-menu-tel-cm.png 373w, https:\/\/clavilla-illustration.com\/wp-content\/uploads\/2023\/07\/Barre-de-menu-tel-cm-300x121.png 300w\" sizes=\"(max-width: 373px) 100vw, 373px\" \/>\t\t\t\t\t\t\t\t<\/a>\n\t\t\t\t\t\t\t\t\t\t\t\t\t\t\t<\/div>\n\t\t\t\t<\/div>\n\t\t\t\t<div class=\"elementor-element elementor-element-e97c46b exad-sticky-section-no exad-glass-effect-no elementor-widget elementor-widget-image\" data-id=\"e97c46b\" data-element_type=\"widget\" data-widget_type=\"image.default\">\n\t\t\t\t<div class=\"elementor-widget-container\">\n\t\t\t\t\t\t\t\t\t\t\t\t\t\t\t\t<a href=\"https:\/\/clavilla-illustration.com\/index.php\/elementor-2782\/\">\n\t\t\t\t\t\t\t<img decoding=\"async\" width=\"372\" height=\"150\" src=\"https:\/\/clavilla-illustration.com\/wp-content\/uploads\/2023\/07\/Barre-de-menu-tel-dd.png\" class=\"elementor-animation-rotate attachment-large size-large wp-image-2448\" alt=\"\" loading=\"lazy\" srcset=\"https:\/\/clavilla-illustration.com\/wp-content\/uploads\/2023\/07\/Barre-de-menu-tel-dd.png 372w, https:\/\/clavilla-illustration.com\/wp-content\/uploads\/2023\/07\/Barre-de-menu-tel-dd-300x121.png 300w\" sizes=\"(max-width: 372px) 100vw, 372px\" \/>\t\t\t\t\t\t\t\t<\/a>\n\t\t\t\t\t\t\t\t\t\t\t\t\t\t\t<\/div>\n\t\t\t\t<\/div>\n\t\t\t\t<div class=\"elementor-element elementor-element-664182c exad-sticky-section-no exad-glass-effect-no elementor-widget elementor-widget-image\" data-id=\"664182c\" data-element_type=\"widget\" data-widget_type=\"image.default\">\n\t\t\t\t<div class=\"elementor-widget-container\">\n\t\t\t\t\t\t\t\t\t\t\t\t\t\t\t\t<a href=\"https:\/\/clavilla-illustration.com\/index.php\/a-propos\/\">\n\t\t\t\t\t\t\t<img decoding=\"async\" width=\"378\" height=\"150\" src=\"https:\/\/clavilla-illustration.com\/wp-content\/uploads\/2023\/07\/Barre-de-menu-tel-ap.png\" class=\"elementor-animation-rotate attachment-large size-large wp-image-2449\" alt=\"\" loading=\"lazy\" srcset=\"https:\/\/clavilla-illustration.com\/wp-content\/uploads\/2023\/07\/Barre-de-menu-tel-ap.png 378w, https:\/\/clavilla-illustration.com\/wp-content\/uploads\/2023\/07\/Barre-de-menu-tel-ap-300x119.png 300w\" sizes=\"(max-width: 378px) 100vw, 378px\" \/>\t\t\t\t\t\t\t\t<\/a>\n\t\t\t\t\t\t\t\t\t\t\t\t\t\t\t<\/div>\n\t\t\t\t<\/div>\n\t\t\t\t<div class=\"elementor-element elementor-element-888859b exad-sticky-section-no exad-glass-effect-no elementor-widget elementor-widget-image\" data-id=\"888859b\" data-element_type=\"widget\" data-widget_type=\"image.default\">\n\t\t\t\t<div class=\"elementor-widget-container\">\n\t\t\t\t\t\t\t\t\t\t\t\t\t\t\t\t<a href=\"https:\/\/clavilla-illustration.com\/index.php\/contact\/\">\n\t\t\t\t\t\t\t<img decoding=\"async\" width=\"369\" height=\"150\" src=\"https:\/\/clavilla-illustration.com\/wp-content\/uploads\/2023\/07\/Barre-de-menu-tel-cn.png\" class=\"elementor-animation-rotate attachment-large size-large wp-image-2450\" alt=\"\" loading=\"lazy\" srcset=\"https:\/\/clavilla-illustration.com\/wp-content\/uploads\/2023\/07\/Barre-de-menu-tel-cn.png 369w, https:\/\/clavilla-illustration.com\/wp-content\/uploads\/2023\/07\/Barre-de-menu-tel-cn-300x122.png 300w\" sizes=\"(max-width: 369px) 100vw, 369px\" \/>\t\t\t\t\t\t\t\t<\/a>\n\t\t\t\t\t\t\t\t\t\t\t\t\t\t\t<\/div>\n\t\t\t\t<\/div>\n\t\t\t\t\t<\/div>\n\t\t<\/div>\n\t\t\t\t\t\t\t<\/div>\n\t\t<\/section>\n\t\t\t\t\t<\/div>\n\t\t<\/div>\n\t\t\t\t\t\t\t<\/div>\n\t\t<\/section>\n\t\t\t\t\t\t\t<\/div>\n\t\t\n\t\t\t\t\t\t\t<div class=\"exad-close-btn\">\n\t\t\t\t\t\t\t\t<span><\/span>\n\t\t\t\t\t\t\t<\/div>\n\n\t\t\t\t\t\t<\/div>\n\t\t\t\t\t<\/div>\n\t\t\t\t<\/div>\n\t\t\t<\/div>\n\t\t\t<div class=\"exad-modal-overlay\" data-exad_overlay_click_close=\"yes\"><\/div>\n\t\t<\/div>\n\t\t\t<\/div>\n\t\t\t\t<\/div>\n\t\t\t\t\t<\/div>\n\t\t<\/div>\n\t\t\t\t\t\t\t<\/div>\n\t\t<\/section>\n\t\t\t\t\t\t\t<\/div>\n\t\t","protected":false},"excerpt":{"rendered":"<p>Mentions l\u00e9gales En vigueur au 01\/07\/2023 Conform\u00e9ment aux dispositions des Articles 6-III et 19 de la Loi n\u00b02004-575 du 21 juin 2004 pour la Confiance &hellip;<\/p>\n","protected":false},"author":1,"featured_media":0,"parent":0,"menu_order":0,"comment_status":"closed","ping_status":"closed","template":"","meta":{"two_page_speed":[]},"yoast_head":"<!-- This site is optimized with the Yoast SEO plugin v20.10 - https:\/\/yoast.com\/wordpress\/plugins\/seo\/ -->\n<title>Mentions l\u00e9gales<\/title>\n<meta name=\"description\" content=\"Mentions l\u00e9gales\" \/>\n<meta name=\"robots\" content=\"index, follow, max-snippet:-1, max-image-preview:large, max-video-preview:-1\" \/>\n<link rel=\"canonical\" href=\"https:\/\/clavilla-illustration.com\/index.php\/mentions-legales\/\" \/>\n<meta property=\"og:locale\" content=\"en_US\" \/>\n<meta property=\"og:type\" content=\"article\" \/>\n<meta property=\"og:title\" content=\"Mentions l\u00e9gales\" \/>\n<meta property=\"og:description\" content=\"Mentions l\u00e9gales\" \/>\n<meta property=\"og:url\" content=\"https:\/\/clavilla-illustration.com\/index.php\/mentions-legales\/\" \/>\n<meta property=\"og:site_name\" content=\"clavilla-illustration.com\" \/>\n<meta property=\"article:modified_time\" content=\"2023-07-07T16:24:12+00:00\" \/>\n<meta property=\"og:image\" content=\"http:\/\/clavilla-illustration.com\/wp-content\/uploads\/2023\/07\/Barre-de-menu-tel-ac.png\" \/>\n<meta name=\"twitter:card\" content=\"summary_large_image\" \/>\n<meta name=\"twitter:label1\" content=\"Est. reading time\" \/>\n\t<meta name=\"twitter:data1\" content=\"5 minutes\" \/>\n<script type=\"application\/ld+json\" class=\"yoast-schema-graph\">{\"@context\":\"https:\/\/schema.org\",\"@graph\":[{\"@type\":\"WebPage\",\"@id\":\"https:\/\/clavilla-illustration.com\/index.php\/mentions-legales\/\",\"url\":\"https:\/\/clavilla-illustration.com\/index.php\/mentions-legales\/\",\"name\":\"Mentions l\u00e9gales\",\"isPartOf\":{\"@id\":\"https:\/\/clavilla-illustration.com\/#website\"},\"datePublished\":\"2023-07-01T12:02:40+00:00\",\"dateModified\":\"2023-07-07T16:24:12+00:00\",\"description\":\"Mentions l\u00e9gales\",\"breadcrumb\":{\"@id\":\"https:\/\/clavilla-illustration.com\/index.php\/mentions-legales\/#breadcrumb\"},\"inLanguage\":\"en-US\",\"potentialAction\":[{\"@type\":\"ReadAction\",\"target\":[\"https:\/\/clavilla-illustration.com\/index.php\/mentions-legales\/\"]}]},{\"@type\":\"BreadcrumbList\",\"@id\":\"https:\/\/clavilla-illustration.com\/index.php\/mentions-legales\/#breadcrumb\",\"itemListElement\":[{\"@type\":\"ListItem\",\"position\":1,\"name\":\"Accueil\",\"item\":\"https:\/\/clavilla-illustration.com\/\"},{\"@type\":\"ListItem\",\"position\":2,\"name\":\"Mentions l\u00e9gales\"}]},{\"@type\":\"WebSite\",\"@id\":\"https:\/\/clavilla-illustration.com\/#website\",\"url\":\"https:\/\/clavilla-illustration.com\/\",\"name\":\"clavilla-illustration.com\",\"description\":\"\",\"publisher\":{\"@id\":\"https:\/\/clavilla-illustration.com\/#organization\"},\"potentialAction\":[{\"@type\":\"SearchAction\",\"target\":{\"@type\":\"EntryPoint\",\"urlTemplate\":\"https:\/\/clavilla-illustration.com\/?s={search_term_string}\"},\"query-input\":\"required name=search_term_string\"}],\"inLanguage\":\"en-US\"},{\"@type\":\"Organization\",\"@id\":\"https:\/\/clavilla-illustration.com\/#organization\",\"name\":\"clavilla-illustration.com\",\"url\":\"https:\/\/clavilla-illustration.com\/\",\"logo\":{\"@type\":\"ImageObject\",\"inLanguage\":\"en-US\",\"@id\":\"https:\/\/clavilla-illustration.com\/#\/schema\/logo\/image\/\",\"url\":\"https:\/\/clavilla-illustration.com\/wp-content\/uploads\/2023\/06\/Logo-1.png\",\"contentUrl\":\"https:\/\/clavilla-illustration.com\/wp-content\/uploads\/2023\/06\/Logo-1.png\",\"width\":1000,\"height\":1000,\"caption\":\"clavilla-illustration.com\"},\"image\":{\"@id\":\"https:\/\/clavilla-illustration.com\/#\/schema\/logo\/image\/\"}}]}<\/script>\n<!-- \/ Yoast SEO plugin. -->","yoast_head_json":{"title":"Mentions l\u00e9gales","description":"Mentions l\u00e9gales","robots":{"index":"index","follow":"follow","max-snippet":"max-snippet:-1","max-image-preview":"max-image-preview:large","max-video-preview":"max-video-preview:-1"},"canonical":"https:\/\/clavilla-illustration.com\/index.php\/mentions-legales\/","og_locale":"en_US","og_type":"article","og_title":"Mentions l\u00e9gales","og_description":"Mentions l\u00e9gales","og_url":"https:\/\/clavilla-illustration.com\/index.php\/mentions-legales\/","og_site_name":"clavilla-illustration.com","article_modified_time":"2023-07-07T16:24:12+00:00","og_image":[{"url":"http:\/\/clavilla-illustration.com\/wp-content\/uploads\/2023\/07\/Barre-de-menu-tel-ac.png"}],"twitter_card":"summary_large_image","twitter_misc":{"Est. reading time":"5 minutes"},"schema":{"@context":"https:\/\/schema.org","@graph":[{"@type":"WebPage","@id":"https:\/\/clavilla-illustration.com\/index.php\/mentions-legales\/","url":"https:\/\/clavilla-illustration.com\/index.php\/mentions-legales\/","name":"Mentions l\u00e9gales","isPartOf":{"@id":"https:\/\/clavilla-illustration.com\/#website"},"datePublished":"2023-07-01T12:02:40+00:00","dateModified":"2023-07-07T16:24:12+00:00","description":"Mentions l\u00e9gales","breadcrumb":{"@id":"https:\/\/clavilla-illustration.com\/index.php\/mentions-legales\/#breadcrumb"},"inLanguage":"en-US","potentialAction":[{"@type":"ReadAction","target":["https:\/\/clavilla-illustration.com\/index.php\/mentions-legales\/"]}]},{"@type":"BreadcrumbList","@id":"https:\/\/clavilla-illustration.com\/index.php\/mentions-legales\/#breadcrumb","itemListElement":[{"@type":"ListItem","position":1,"name":"Accueil","item":"https:\/\/clavilla-illustration.com\/"},{"@type":"ListItem","position":2,"name":"Mentions l\u00e9gales"}]},{"@type":"WebSite","@id":"https:\/\/clavilla-illustration.com\/#website","url":"https:\/\/clavilla-illustration.com\/","name":"clavilla-illustration.com","description":"","publisher":{"@id":"https:\/\/clavilla-illustration.com\/#organization"},"potentialAction":[{"@type":"SearchAction","target":{"@type":"EntryPoint","urlTemplate":"https:\/\/clavilla-illustration.com\/?s={search_term_string}"},"query-input":"required name=search_term_string"}],"inLanguage":"en-US"},{"@type":"Organization","@id":"https:\/\/clavilla-illustration.com\/#organization","name":"clavilla-illustration.com","url":"https:\/\/clavilla-illustration.com\/","logo":{"@type":"ImageObject","inLanguage":"en-US","@id":"https:\/\/clavilla-illustration.com\/#\/schema\/logo\/image\/","url":"https:\/\/clavilla-illustration.com\/wp-content\/uploads\/2023\/06\/Logo-1.png","contentUrl":"https:\/\/clavilla-illustration.com\/wp-content\/uploads\/2023\/06\/Logo-1.png","width":1000,"height":1000,"caption":"clavilla-illustration.com"},"image":{"@id":"https:\/\/clavilla-illustration.com\/#\/schema\/logo\/image\/"}}]}},"_links":{"self":[{"href":"https:\/\/clavilla-illustration.com\/index.php\/wp-json\/wp\/v2\/pages\/2010"}],"collection":[{"href":"https:\/\/clavilla-illustration.com\/index.php\/wp-json\/wp\/v2\/pages"}],"about":[{"href":"https:\/\/clavilla-illustration.com\/index.php\/wp-json\/wp\/v2\/types\/page"}],"author":[{"embeddable":true,"href":"https:\/\/clavilla-illustration.com\/index.php\/wp-json\/wp\/v2\/users\/1"}],"replies":[{"embeddable":true,"href":"https:\/\/clavilla-illustration.com\/index.php\/wp-json\/wp\/v2\/comments?post=2010"}],"version-history":[{"count":23,"href":"https:\/\/clavilla-illustration.com\/index.php\/wp-json\/wp\/v2\/pages\/2010\/revisions"}],"predecessor-version":[{"id":2881,"href":"https:\/\/clavilla-illustration.com\/index.php\/wp-json\/wp\/v2\/pages\/2010\/revisions\/2881"}],"wp:attachment":[{"href":"https:\/\/clavilla-illustration.com\/index.php\/wp-json\/wp\/v2\/media?parent=2010"}],"curies":[{"name":"wp","href":"https:\/\/api.w.org\/{rel}","templated":true}]}}